 What is the greatest common divisor of w and 80?
10
Let m = 64 - 24. Suppose p - 5*u + 15 = -0, 4*u = -4*p - 12. Let k be -2 + 0/p + 12. What is the greatest common divisor of m and k?
10
Let m be (-21129)/(-27) - (-96)/216. Calculate the highest common factor of 27 and m.
27
Let n be (0 - 2)*(-8 - -7). Suppose n*g - 34 + 0 = 0. What is the highest common divisor of g and 187?
17
Let m = 283 - -197. Let c be m/(-12)*(-1 + -1). What is the greatest common factor of 32 and c?
16
Let y = -25 - -35. Let d = -16 + 21. Suppose 13 = d*a - 337. Calculate the highest common divisor of y and a.
10
Suppose 15*f - 1260 = -3*f. Calculate the highest common divisor of f and 42.
14
Let o be (278 - 14)*(0 + (-2)/(-2)). What is the highest common factor of o and 44?
44
Suppose h - 2*r = -2 + 7, -75 = -4*h - 3*r. Let n be 5/h + (-1450)/(-6). Calculate the highest common factor of 22 and n.
22
Let z be (-14 - -4)*6/(-15)*1. What is the highest common divisor of 124 and z?
4
Let k(a) = -a**3 + a**2 + 2*a. Let l be k(-4). Let j(r) = -r - 3. Let h be j(-3). Suppose 2*d = -h*d + l. What is the greatest common divisor of d and 24?
12
Let m be (-6 - 6) + 5 + 28. Calculate the greatest common factor of m and 91.
7
Let x(v) = -v**2 + 3*v + 4. Let k be x(5). Let c be 64/((-1)/k*4). Let f = 49 - 37. What is the highest common factor of c and f?
12
Suppose -5*l + 149 = -16. Suppose -11 + 3 = -2*q. Let a be (0 - q/12)*-9. What is the highest common divisor of l and a?
3
Let w be (-2)/(-4) - 9/(-2). Let c be -8 + 11 - (-158 - 0). Suppose -155 = -4*l - 3*r - 17, c = w*l - 2*r. Calculate the highest common divisor of 3 and l.
3
Let m(b) = b. Let l(f) = f + 2 - 4 - 2*f + 3*f. Let n be l(7). Let x be m(n). Calculate the highest common factor of 30 and x.
6
Let m be ((-65)/15)/((-2)/(-30)). Let p = m + 125. Calculate the greatest common factor of p and 24.
12
Suppose 23 = -3*o - 4*q, o = 4*q + 1 + 2. Let a be (o/(-4))/((-1)/(-24)). Calculate the highest common factor of a and 15.
15
Let g be (-4)/(-3)*(-3 - 9). Suppose -q + 2*b + 1 + 2 = 0, -b + 26 = 2*q. Let l = q - g. Calculate the greatest common factor of 3 and l.
3
Suppose x + 0*x + 2*s = 129, -s = 5*x - 609. Let i = -100 + x. Calculate the highest common factor of 6 and i.
3
Suppose -4*j = 6*j - 80. Suppose 0 = 3*t + 15. Let x = t + j. Calculate the highest common divisor of 1 and x.
1
Let k be ((-2)/3)/((-182)/(-42) - 5). Let i = 3 - 0. Suppose -i - 17 = -5*p. Calculate the highest common factor of k and p.
1
Let n(d) = -4*d**2 + d**3 + 1 + 4 + 0 + 9*d**2. Let o be n(-5). Let s = -41 + 61. What is the highest common factor of s and o?
5
Let y = -1 - -4. Let w be 40 + -29 - (-11 + 1). Calculate the highest common factor of y and w.
3
Let j be ((-143)/(-44))/(1/96). Calculate the highest common factor of 39 and j.
39
Let q(f) = 31*f - 2. Let r be q(2). Suppose -2*i + 8 = -8. Let j = i - -7. What is the highest common divisor of j and r?
15
Suppose -17 = -3*p + 2*z + 39, -2*p + 3*z = -39. Let s be (4/(-8))/(3/(-18))*30. What is the greatest common factor of p and s?
18
Suppose -7*l + 4*l = -4*x - 672, -2*x - 1120 = -5*l. Calculate the highest common factor of 14 and l.
14
Let q = 74 - 66. Suppose 2*u + q*u = 50. What is the highest common divisor of u and 40?
5
Suppose -3*c - 4*u + 33 = -9*u, -5*c = 3*u - 21. Let n be 105 + -5 + (0 - -2). What is the highest common factor of c and n?
6
Suppose 0 = -5*s + 32 + 23. Let n be s + -9 + (0 - -7). Suppose n = -2*c + 97. What is the highest common factor of c and 66?
22
Suppose -4*c - 3*j = -131, 2*j = 2*c + 4*j - 68. Suppose 0 = 3*u - 3*l + 4*l - 18, -c = -5*u - 2*l. Calculate the greatest common factor of 7 and u.
7
Let k(y) = y**2 - y + 4. Let s be k(-3). Let q = s + -1. Let r = q + -8. Calculate the greatest common factor of r and 49.
7
Let l be 48 + -18 - (-1 - 1/1). Calculate the greatest common divisor of l and 40.
8
Let t = -66 - -33. Let o be 80/3 + 22/t. What is the greatest common divisor of 78 and o?
26
Let u = -57 - -60. Suppose 0 = u*q - 58 - 14. What is the highest common factor of q and 96?
24
Suppose 5*o - 95 = -5*y, -7 = -2*y - 3. Suppose -v = 2*c + 2*v - 1, c = 5*v + 7. Let b be 17/((-2)/(-16)*c). What is the greatest common divisor of b and o?
17
Let m be (1881/(-6))/3*-4. Suppose 5*g - 21 = 2*g. Let u(v) = 2*v + 24. Let o be u(g). What is the highest common factor of m and o?
38
Let a(g) = g**3 + 5*g**2 + 3*g - 5. Let r be a(-4). Let p be ((-14)/(-6))/((-236)/240 - r). Calculate the highest common factor of p and 20.
20
Let y(p) = -3 + 6*p - 18*p - 12. Let u be y(-7). Calculate the highest common factor of 23 and u.
23
Suppose 6 - 22 = -4*n. Suppose -i - 2*h + n = 0, -1 = -2*h + 1. Calculate the greatest common divisor of i and 4.
2
Let h(s) = 2*s**2 - 23*s + 138. Let p be h(12). What is the highest common divisor of p and 510?
30
Let c be (-24)/(-9) - (-2)/(-3). Suppose -2 = -2*m, z + m = c*z - 34. What is the highest common factor of 7 and z?
7
Suppose 5*a + 400 = 2*l, -6*a + 9*a = 5*l - 1000. What is the highest common factor of 8 and l?
8
Suppose -3*v - v = 196. Let k = v + 58. Calculate the highest common divisor of 99 and k.
9
Let a(n) = 2*n**3 + n**2 - 2*n. Suppose -2*c = c - 6. Suppose 3*t = c*t + 3. Let l be a(t). Calculate the highest common divisor of l and 38.
19
Let p = -7 + 13. Let l be (-2 + 4)*(108 + 1). Let a be 8/(-16) + l/4. What is the greatest common divisor of p and a?
6
Let n(k) = -k**2 + 4. Let x be n(-4). Let m = x + 12. Suppose 3*d = -5*g + 26, -5*g - 22 - 3 = m. What is the greatest common factor of 51 and d?
17
Suppose 0 = 5*v - 15, 0*w = w + 4*v - 21. Let z(a) = -7*a + 2. Let i be z(4). Let t be 8/52 + (-1868)/i. What is the greatest common factor of t and w?
9
Let m(c) = 2*c**2 - 3*c + 4. Let l be (-2)/7 - 390/(-91). Let f be m(l). Calculate the highest common divisor of f and 60.
12
Let u(y) = -16*y - 9*y + 27*y - 13*y - 10. Let a be 1*1*-3*2. Let x be u(a). Calculate the highest common factor of x and 8.
8
Let w(r) = 2*r + 218. Let k be w(-10). Suppose 3*f = f + 44. What is the greatest common divisor of f and k?
22
Let r(j) = -9*j + 4. Let t(m) = -13*m + 6. Let y(g) = -7*r(g) + 5*t(g). Let l be y(5). Let v = -3 - l. What is the greatest common divisor of v and 10?
5
Let o = -2140 + 2179. Suppose 27 = 2*h - 179. Suppose -4*j - h + 415 = 0. Calculate the greatest common divisor of o and j.
39
Suppose 123 = 4*y + z, 3*y + z - 93 = -0*z. Suppose 0 = 5*w + 2*d - 65, w + d = 4*d + y. Calculate the highest common factor of w and 25.
5
Let y = 246 - 225. Calculate the greatest common factor of 6 and y.
3
Suppose -o + g + 21 + 9 = 0, 5*g - 106 = -3*o. Calculate the greatest common factor of 1 and o.
1
Let z be 15/20*(2 + -1 - -3). Suppose 0 = -z*x + 4*w - 10 + 46, 0 = -2*w. Calculate the highest common factor of x and 6.
6
Suppose 0 = 2*b + 28*w - 27*w - 9612, -b - 3*w + 4806 = 0. Calculate the greatest common factor of 54 and b.
54
Let i(k) = 3*k**2 - 4*k - 6. Suppose 0*a = -3*a + 9. Let m be i(a). What is the greatest common factor of 99 and m?
9
Let w be (0 + 5 + 4)*40/6. Let f = 8 + -4. Suppose 4*x + p + 28 = 6*x, f*x - 44 = -p. Calculate the highest common divisor of w and x.
12
Let j be (-58 - 2)*(0 + -1). Suppose 18*v - 60*v = -1008. Calculate the highest common divisor of v and j.
12
Let v(f) = 5*f**3 + 2*f**2 - 7*f + 5. Let r be v(2). Suppose z - 69 + r = 0. Calculate the highest common divisor of 12 and z.
6
Let f be (-16)/(-12)*39/52. Suppose -s + 2*t = -5, 7*s - 2*s - 25 = t. Suppose 4 = 5*k + q, 3 = s*k + 3*q + 1. What is the highest common divisor of k and f?
1
Suppose -f = -5*i + 19, 3*f + 9 = 2*f + 3*i. Suppose 0 = f*t + 4*t - 400. Let l be (1*-60)/(1 - 2). What is the highest common factor of l and t?
20
Let f = 50 + -4. Let t(k) = k**3 + 1. Let o be t(-1). Suppose o*d - d + 115 = 0. What is the highest common divisor of f and d?
23
Suppose 0 = -12*z + 1716 + 1056. What is the highest common divisor of z and 63?
21
Suppose -2*g - 19 = 4*o + 1, 66 = -4*g + 5*o. Let b(y) = -y + 1. Let m be b(g). What is the highest common divisor of 20 and m?
5
Let z = -281 - -329. What is the greatest common factor of 552 and z?
24
Let z(v) = v**2 - 6*v - 2. Let k be z(7). Suppose 5*q = -k*s - 105, 0*s - 4*s = -3*q - 35. Let n = q - -